{"id":1137,"date":"2021-08-30T17:43:51","date_gmt":"2021-08-30T17:43:51","guid":{"rendered":"https:\/\/jungestheaterfreiburg.ch\/?page_id=1137"},"modified":"2022-04-12T19:05:50","modified_gmt":"2022-04-12T19:05:50","slug":"jahresplan","status":"publish","type":"page","link":"https:\/\/jungestheaterfreiburg.ch\/?page_id=1137","title":{"rendered":"Jahresplan"},"content":{"rendered":"\t\t<div data-elementor-type=\"wp-page\" data-elementor-id=\"1137\" class=\"elementor elementor-1137\">\n\t\t\t\t\t\t<div class=\"elementor-inner\">\n\t\t\t\t<div class=\"elementor-section-wrap\">\n\t\t\t\t\t\t\t\t\t<section class=\"elementor-section elementor-top-section elementor-element elementor-element-897bcd9 elementor-section-boxed elementor-section-height-default elementor-section-height-default\" data-id=\"897bcd9\" data-element_type=\"section\">\n\t\t\t\t\t\t<div class=\"elementor-container elementor-column-gap-default\">\n\t\t\t\t\t\t\t<div class=\"elementor-row\">\n\t\t\t\t\t<div class=\"elementor-column elementor-col-100 elementor-top-column elementor-element elementor-element-90d4d8f\" data-id=\"90d4d8f\" data-element_type=\"column\">\n\t\t\t<div class=\"elementor-column-wrap elementor-element-populated\">\n\t\t\t\t\t\t\t<div class=\"elementor-widget-wrap\">\n\t\t\t\t\t\t<div class=\"elementor-element elementor-element-59a2bc3 elementor-widget elementor-widget-image\" data-id=\"59a2bc3\" data-element_type=\"widget\" data-widget_type=\"image.default\">\n\t\t\t\t<div class=\"elementor-widget-container\">\n\t\t\t\t\t\t\t\t<div class=\"elementor-image\">\n\t\t\t\t\t\t\t\t\t\t\t\t<img width=\"1024\" height=\"683\" src=\"https:\/\/jungestheaterfreiburg.ch\/wp-content\/uploads\/2021\/08\/Die_Ereignisse-7-1024x683.jpg\" class=\"attachment-large size-large wp-image-1168\" alt=\"\" loading=\"lazy\" srcset=\"https:\/\/jungestheaterfreiburg.ch\/wp-content\/uploads\/2021\/08\/Die_Ereignisse-7-1024x683.jpg 1024w, https:\/\/jungestheaterfreiburg.ch\/wp-content\/uploads\/2021\/08\/Die_Ereignisse-7-300x200.jpg 300w, https:\/\/jungestheaterfreiburg.ch\/wp-content\/uploads\/2021\/08\/Die_Ereignisse-7-768x512.jpg 768w, https:\/\/jungestheaterfreiburg.ch\/wp-content\/uploads\/2021\/08\/Die_Ereignisse-7-1536x1024.jpg 1536w, https:\/\/jungestheaterfreiburg.ch\/wp-content\/uploads\/2021\/08\/Die_Ereignisse-7-2048x1365.jpg 2048w, https:\/\/jungestheaterfreiburg.ch\/wp-content\/uploads\/2021\/08\/Die_Ereignisse-7-830x553.jpg 830w, https:\/\/jungestheaterfreiburg.ch\/wp-content\/uploads\/2021\/08\/Die_Ereignisse-7-230x153.jpg 230w, https:\/\/jungestheaterfreiburg.ch\/wp-content\/uploads\/2021\/08\/Die_Ereignisse-7-350x233.jpg 350w, https:\/\/jungestheaterfreiburg.ch\/wp-content\/uploads\/2021\/08\/Die_Ereignisse-7-480x320.jpg 480w\" sizes=\"(max-width: 1024px) 100vw, 1024px\" \/>\t\t\t\t\t\t\t\t\t\t\t\t\t\t<\/div>\n\t\t\t\t\t\t<\/div>\n\t\t\t\t<\/div>\n\t\t\t\t\t\t<\/div>\n\t\t\t\t\t<\/div>\n\t\t<\/div>\n\t\t\t\t\t\t\t\t<\/div>\n\t\t\t\t\t<\/div>\n\t\t<\/section>\n\t\t\t\t<section class=\"elementor-section elementor-top-section elementor-element elementor-element-8f7c8e5 elementor-section-boxed elementor-section-height-default elementor-section-height-default\" data-id=\"8f7c8e5\" data-element_type=\"section\">\n\t\t\t\t\t\t<div class=\"elementor-container elementor-column-gap-default\">\n\t\t\t\t\t\t\t<div class=\"elementor-row\">\n\t\t\t\t\t<div class=\"elementor-column elementor-col-100 elementor-top-column elementor-element elementor-element-2b6f89c\" data-id=\"2b6f89c\" data-element_type=\"column\">\n\t\t\t<div class=\"elementor-column-wrap elementor-element-populated\">\n\t\t\t\t\t\t\t<div class=\"elementor-widget-wrap\">\n\t\t\t\t\t\t<div class=\"elementor-element elementor-element-c8168f6 elementor-widget elementor-widget-text-editor\" data-id=\"c8168f6\" data-element_type=\"widget\" data-widget_type=\"text-editor.default\">\n\t\t\t\t<div class=\"elementor-widget-container\">\n\t\t\t\t\t\t\t\t<div class=\"elementor-text-editor elementor-clearfix\">\n\t\t\t\t<p><span class=\"Apple-converted-space\">\u00a0<\/span>Am Anfang jedes neuen Schuljahrs wird in allen Klassen der 3 stadtfreiburgischen Gymnasien f\u00fcr das Freifach-Theater Werbung gemacht. Die Theatergruppe trifft sich normalerweise das erste Mal in der 2. oder 3. Woche des neuen Schuljahres. In den ersten Treffen wird vor allem viel improvisiert. So lernen wir uns kennen, merken, was f\u00fcr eine Energie die neue Gruppe bestimmt, welche besonderen Eigenschaften und F\u00e4higkeiten<span class=\"Apple-converted-space\">\u00a0 <\/span>die Einzelnen mitbringen. Diese Phase ist extrem wichtig, denn auf Grund der hier gesammelten Informationen wird das n\u00e4chste Projekt definiert. Durch das gegenseitige Kennenlernen zeichnet sich langsam der Umriss einer Idee ab: wir diskutieren \u00fcber m\u00f6gliche Projekte, lesen zusammen bestehende Theaterst\u00fccke, die f\u00fcr die Gruppe in Frage kommen. Wichtige Entscheidungen betreffend St\u00fcck- oder Projektwahl werden in der Gruppe im Konsensverfahren gemacht. Sobald die Gruppe Konsens \u00fcber die St\u00fcck- oder Projektwahl hat, erfolgt die Rollenverteilung, dann die Inszenierung, das Proben, die Kost\u00fcmierung, Entstehung des B\u00fchnenbildes und des Beleuchtungsplans, das Proben, die Werbung, das Proben, und, und, und\u2026 In der Sportwoche gibt es ein ganzw\u00f6chiges Theaterlager. Zwischen Dezember und Ende M\u00e4rz wird auch an mindestens 1-2 Wochenenden pro Monat ge\u00fcbt. Die Auff\u00fchrungen finden in der Regel gegen Ende M\u00e4rz statt. Dann macht die Theatergruppe eine Pause. In Mai und Juni besch\u00e4ftigt sich die Kerngruppe mit m\u00f6glichen weiteren Projekten und trifft eine m\u00f6gliche Vorauswahl von St\u00fccken f\u00fcr das n\u00e4chste Jahr.<\/p>\t\t\t\t\t<\/div>\n\t\t\t\t\t\t<\/div>\n\t\t\t\t<\/div>\n\t\t\t\t\t\t<\/div>\n\t\t\t\t\t<\/div>\n\t\t<\/div>\n\t\t\t\t\t\t\t\t<\/div>\n\t\t\t\t\t<\/div>\n\t\t<\/section>\n\t\t\t\t\t\t\t\t\t<\/div>\n\t\t\t<\/div>\n\t\t\t\t\t<\/div>\n\t\t","protected":false},"excerpt":{"rendered":"<p>\u00a0Am Anfang jedes neuen Schuljahrs wird in allen Klassen der 3 stadtfreiburgischen Gymnasien f\u00fcr das Freifach-Theater Werbung gemacht. Die Theatergruppe trifft sich normalerweise das erste Mal in der 2. oder 3. Woche des neuen Schuljahres. In den ersten Treffen wird vor allem viel improvisiert. So lernen wir uns kennen, merken, was f\u00fcr eine Energie die [&hellip;]<\/p>\n","protected":false},"author":1,"featured_media":0,"parent":0,"menu_order":0,"comment_status":"closed","ping_status":"closed","template":"","meta":[],"_links":{"self":[{"href":"https:\/\/jungestheaterfreiburg.ch\/index.php?rest_route=\/wp\/v2\/pages\/1137"}],"collection":[{"href":"https:\/\/jungestheaterfreiburg.ch\/index.php?rest_route=\/wp\/v2\/pages"}],"about":[{"href":"https:\/\/jungestheaterfreiburg.ch\/index.php?rest_route=\/wp\/v2\/types\/page"}],"author":[{"embeddable":true,"href":"https:\/\/jungestheaterfreiburg.ch\/index.php?rest_route=\/wp\/v2\/users\/1"}],"replies":[{"embeddable":true,"href":"https:\/\/jungestheaterfreiburg.ch\/index.php?rest_route=%2Fwp%2Fv2%2Fcomments&post=1137"}],"version-history":[{"count":4,"href":"https:\/\/jungestheaterfreiburg.ch\/index.php?rest_route=\/wp\/v2\/pages\/1137\/revisions"}],"predecessor-version":[{"id":1171,"href":"https:\/\/jungestheaterfreiburg.ch\/index.php?rest_route=\/wp\/v2\/pages\/1137\/revisions\/1171"}],"wp:attachment":[{"href":"https:\/\/jungestheaterfreiburg.ch\/index.php?rest_route=%2Fwp%2Fv2%2Fmedia&parent=1137"}],"curies":[{"name":"wp","href":"https:\/\/api.w.org\/{rel}","templated":true}]}}